y, 4*a = 2*y + 9 + 1. Let n(u) = y*z(u) - 3*h(u). Determine n(8).
9
Suppose 0 = -0*l + 2*l + 32. Let q be ((-84)/l + -4)*4. Let n(c) = -c**2 + 5*c + 6. Let u be n(q). Let x(m) = -m**3 + 5*m**2 + 7*m - 5. Calculate x(u).
1
Suppose 0 = -v - 4 + 2. Let z(o) be the third derivative of o**4/8 - o**3/6 - 288*o**2. Determine z(v).
-7
Let q(k) be the third derivative of -1/20*k**5 - 1/6*k**4 + 0 + 1/720*k**6 + 0*k**3 + 2*k**2 + 0*k. Let y(f) be the second derivative of q(f). Give y(3).
-3
Let o(w) = 12*w + 6. Let j(c) = 7*c + 3. Let g(s) = -5*j(s) + 3*o(s). Calculate g(16).
19
Let y(m) = 3*m + 1. Suppose 42 = 31*k - 17*k. What is y(k)?
10
Let q(i) = 2*i**3 + 5*i**2 - 7*i + 7. Let d(j) = -j**3 - 2*j**2 + 3*j - 3. Let h(g) = 7*d(g) + 3*q(g). Let a(l) = -2*l + 11. Let v be a(6). Calculate h(v).
2
Let z(v) = 86*v**2 - v + 5 - 79*v**2 - 2 - v**3 - 5*v. Calculate z(6).
3
Let f = 0 + -1. Let j(o) = -634 + 2*o**2 + 632 - 7*o + 0*o**2. Let z(i) = -i**2. Let d(s) = f*j(s) - 3*z(s). What is d(-3)?
-10
Let m(g) = 10*g**2 + 16*g - 4. Let r(o) = 7*o**2 + 16*o - 5. Let j(f) = -2*m(f) + 3*r(f). Calculate j(-16).
-7
Suppose 99 = -3*i - 3*g - 39, -3*i = g + 148. Let v = 52 + i. Let q(a) = -9*a**3 + 2*a**2 - 1. Give q(v).
-8
Let t = -11 + 8. Let a(q) be the first derivative of q**5/20 + q**4/12 - 5*q**3/6 - 3*q**2/2 + 61*q + 37. Let y(o) be the first derivative of a(o). Give y(t).
-6
Let b(u) = 7*u**2 - 6*u + 11. Let c(h) = -18*h**2 + 17*h - 32. Let d(o) = 8*b(o) + 3*c(o). What is d(-5)?
27
Let l(o) = -7162*o + 3578*o + 3585*o - 3. Calculate l(-3).
-6
Let n(h) = -3*h**2 + 4*h - 1. Let b(f) = -7*f**2 + 8*f - 3. Let w(v) = -2*b(v) + 5*n(v). Let a(s) = -7*s - 1. Let z be a(-1). Give w(z).
-11
Let d(w) = 2*w**2 - 27*w + 25. Let o(i) = i**2 - 13*i + 12. Let f be 1/(-1 + (-12)/(-16)). Let h(z) = f*d(z) + 9*o(z). Give h(7).
-6
Suppose 0 = 4*q - 0*q - 8. Let r(l) = q - 4*l - l**2 + 7 - 3. Suppose 2*h - 23*f = -27*f + 6, -4*f = -3*h - 31. Determine r(h).
1
Let y(d) be the second derivative of 22*d + 1/12*d**4 + 2*d**2 + 0 - 7/6*d**3. Calculate y(7).
4
Suppose 2*o + 13 = 9. Let n be 5 + (3 + -2)*o. Let j(v) = 2 - n + 6*v - 7*v. Calculate j(-1).
0
Let o(d) = 3 - 16*d**3 - 6*d**2 - 5 + 22*d**3 - 5*d**3 + 5*d. Calculate o(6).
28
Let i be (6/4)/(2/8). Let u be (-28)/(-70) - 23/(-5). Let z(d) = 11*d - u*d + 10 - 7*d. What is z(i)?
4
Let a(c) = 2*c**2 - 19*c - 2. Let t(l) = l**2 - 9*l - 1. Let m be (6 - 4)*4/(-2). Let x(p) = m*a(p) + 9*t(p). Give x(6).
5
Let a(g) = 1 - g + 2*g - 3 - 3. Let k be 1/((-2)/4 - -1). Suppose 2*w + 2*x + x = 19, k*w + x - 13 = 0. Calculate a(w).
0
Suppose -j + 14 = 35. Let s = j - -20. Let m(f) = 11*f**2 - 2*f - 1. What is m(s)?
12
Let z(t) be the first derivative of 5*t**2/2 - t + 496. Let f(q) = -4*q + 1. Let h = -15 + 9. Let w(j) = h*z(j) - 5*f(j). Determine w(-1).
11
Let h be -21*(6 + 16/(-3)). Let l(b) = b + 20. What is l(h)?
6
Let o(i) be the third derivative of -i**4/24 - 10*i**3/3 - 680*i**2. Determine o(-18).
-2
Let b(x) = -x**3 - 3*x**2 - 3*x + 3. Let v(a) = -a**3 - 4*a**2 - 4*a + 4. Let p(k) = 7*b(k) - 6*v(k). Let i = -128 + 131. Calculate p(i).
6
Let o(n) = -n - 4. Let q = 148 - 150. What is o(q)?
-2
Let c(j) = -j - 3. Let q = 14 - 4. Let s be 9/(-1)*-1 - -1. Let x = s - q. Give c(x).
-3
Let c(v) = -v**2 + 2*v - 2. Let o be c(2). Let j = 117 + -61. Let d(h) = -j*h**2 - 2*h + 55*h**2 + 3 - 3. Calculate d(o).
0
Suppose 2*s = -4, -2*l + l = 3*s + 4. Let i(o) = -l - 1 + 5 + 10*o - 9*o. Give i(6).
8
Let l = -14 - -16. Suppose 2*r - 27 = h, 3 + l = -h. Suppose -r = -3*b - 4*f, f = 2*f + 1. Let s(d) = -d**2 + 5*d - 6. Give s(b).
-6
Let b = -142 - -141. Let i(o) = 10*o**3 - o**2 + 1. Determine i(b).
-10
Let q(i) = -7*i - 3. Let x(t) = -44*t - 173. Let y be x(-4). Calculate q(y).
-24
Let y(m) = m**3 - 7*m**2 + 10*m - 6. Let z = -779 - -785. Calculate y(z).
18
Suppose h + l + 13 = 0, 3*h = -0*h + 2*l - 24. Let w(n) = n**2 + 7*n + 8. What is w(h)?
38
Let x(q) = q**2 - 6*q - 9. Let g(o) = -o**2 + 12*o - 25. Let c be g(8). Determine x(c).
-2
Suppose -3*z - 4 = -0*z - 4*j, 0 = 2*z - 3*j + 2. Let p(c) = -c**3 - 3*c**2 + 6*c + 10. Calculate p(z).
2
Let o be -3 - (67/(-24) - 2/8). Let y(l) be the third derivative of 0 - o*l**4 + l**2 + 0*l - 1/60*l**5 + 1/2*l**3. Give y(-3).
-3
Let r(j) = j**2 - 4. Let d = -322 - -325. Determine r(d).
5
Suppose -3*m + 4*a - 2 = 2, -m - 4 = -4*a. Let h(j) = -j**2 - 30. Calculate h(m).
-30
Let f(y) be the second derivative of y**3/2 + y**2 + 40*y. Calculate f(-1).
-1
Let l(j) be the third derivative of j**6/120 - j**5/12 - j**4/12 + j**3/2 - 219*j**2. Suppose -7 = -h - 3. Suppose 4*d + h = 24. What is l(d)?
-7
Let l be 4/(-10)*(-16 - -6). Let d(a) = -2*a**2 - 5*a - 1. Let v(y) = 3*y**2 + 9*y + 3. Let g(t) = -5*d(t) - 3*v(t). Determine g(l).
4
Let q(m) be the first derivative of m**4/4 + 7*m**3/3 + 5*m**2/2 - 2*m - 22. Calculate q(-6).
4
Let v = -6 + 8. Let b = 3 + v. Let f(s) = 2 - 4*s - 7 - s**3 - 1 - 211*s**2 + 217*s**2. Give f(b).
-1
Suppose 3*o - 9 = 3. Suppose -4*x + 60 = 3*a, 3*x - o = a - 11. Suppose -a = -4*y - 2*v, 0*v = -4*y + 2*v. Let m(p) = 3*p. What is m(y)?
6
Let s(u) = -5*u - 2. Suppose -3*b = -21 - 15. Suppose -13*h - b = -10*h. Give s(h).
18
Let b = -5 - -9. Suppose -3*a + 4*k = -0*a + 15, b*a + 10 = 2*k. Let h(i) = 2*i**2 + 3062412*i + i**3 - 3062412*i. Determine h(a).
1
Let n(q) = -q**3 - 8*q**2 - 9*q - 10. Let h = 17 + -21. Let u(o) = -o**3 + 8 - 3 - 5*o**2 + 3*o - 4*o. Let j be u(h). Calculate n(j).
4
Suppose 3*c + 3*m - 75 = -m, 0 = -c + 2*m + 15. Let f = 26 - c. Suppose 16 = -4*i - 2*x + 6*x, 5*i + f*x + 40 = 0. Let v(w) = 2*w + 8. Calculate v(i).
-4
Let y(v) be the second derivative of -v**3/6 - 21*v**2/2 + 2*v - 194. Calculate y(0).
-21
Let g(y) = 7*y + 90. Let t be g(-12). Let s(p) = -3*p**3 - 7*p**2 - 4*p + 11. Let o(c) = c**3 + 4*c**2 + 2*c - 5. Let d(j) = -5*o(j) - 2*s(j). Calculate d(t).
-9
Let t(n) be the third derivative of -n**7/5040 - 7*n**6/720 - n**5/4 + 12*n**2. Let j(k) be the third derivative of t(k). Determine j(-4).
-3
Suppose -123*z + 119*z + 28 = 0. Let b(x) be the third derivative of -x**4/24 + 17*x**3/6 + x**2. Calculate b(z).
10
Let h(i) = 2*i + 7. Let o = 15 - 6. Let s = 1963 + -2015. Let u be s/o + 18/(-81). Give h(u).
-5
Suppose 5*r = -2*k + 6 - 0, -4*k - r - 6 = 0. Let c be (-15)/6*(-4)/k. Let n(j) = -j**3 - 3*j**2 + 11*j. Let v be n(c). Let y(f) = f**2 + 4*f - 4. What is y(v)?
1
Suppose -5 = 2*o - 1. Suppose 7*c = 13 + 1. Let g(s) = -s - c - 4*s + s**2 + 3*s. What is g(o)?
6
Let f(h) be the second derivative of 0 + 5/12*h**4 - 1/20*h**5 - 14*h + h**2 + 0*h**3. Let m(t) = t + 5. Let b be m(0). Determine f(b).
2
Let a(o) = -5*o + 2*o**2 + o**2 - 4*o**2. Let u(q) = 7*q**2 + 3*q. Let t be u(-2). Let d = t - 26. Calculate a(d).
4
Let k(f) = -f**3 + f**2 - 1. Let j(w) = 3*w**3 - 3*w + 176*w**2 - 88*w**2 - 86*w**2 + 7. Let t(o) = -j(o) - 2*k(o). Calculate t(-5).
5
Suppose -2*g + 4*u = 10, -2*g + 0*u - 2*u - 4 = 0. Let c = 2 - g. Let p(z) = 3*z + c - 2*z - 6 + 6. Give p(-3).
2
Let l(n) = n**2 - 7*n + 7. Let x = 41 - 19. Let o = x - 16. Give l(o).
1
Let y(g) be the third derivative of -g**8/20160 - g**7/840 - g**6/360 + g**5/30 + 4*g**2. Let u(f) be the third derivative of y(f). Calculate u(-4).
6
Let i = 2 - 1. Let c(o) = 7*o**3 + 3*o**2 - 2*o - 1. Let j(a) = 35*a**3 + 16*a**2 - 10*a - 6. Let r(d) = -11*c(d) + 2*j(d). Calculate r(i).
-7
Let k(f) = -15*f. Let b be (-189)/28 + 6/8. Let l(g) = -g. Let v(c) = b*k(c) + 85*l(c). Calculate v(2).
10
Let b(u) = u**3 + 19*u**2 - 91*u + 26. Let n be b(-23). Let s(x) be the third derivative of -1/24*x**4 + 3*x**2 + 5/6*x**n + 0*x + 0. Calculate s(4).
1
Let z = 317 - 316. Let p(v) = -2*v**3. Determine p(z).
-2
Let f be 64/(-10)*10/(-4). Let t be 19 + -16 - (f - 1). Let h = 12 + t. Let n(u) = u - 5. Give n(h).
-5
Let z(j) be the third derivative of -5*j**4/24 - 11*j**3/2 - 13*j**2 - 14. Calculate z(-9).
12
Let b(f) = -15*f**2 + 10*f - 23. Let a(d) = 9*d**2 - 5*d + 12. Let y(p) = -7*a(p) - 4*b(p). Give y(-5).
-42
Let p(c) = -c**2 + 12*c + 13. Let t(h) = h**2 - 13*h - 13. Let y(f) = 6*p(f) + 5*t(f). Let u be y(9). Let z(o) = o**2 + 2*o - 7. Give z(u).
8
Let d be 4 - 60/14 - 15/21. Let r(k) = 33*k**3 + k. Give r(d).
-34
Let o(p) = 3*p + 23. Let u(v) = 